at is -4141211 - -330103?
-3311103
In base 14, what is -95 + 87ac?
8717
In base 13, what is -5087 + -1306?
-6390
In base 8, what is 1 + -272716523?
-272716522
In base 6, what is -141015 - -30255?
-110320
In base 12, what is -370 + -1672?
-1a22
In base 4, what is -20 - 111303132021?
-111303132101
In base 4, what is 111312221 + 2312212?
120231033
In base 7, what is 2 - -4000251126?
4000251131
In base 11, what is 131a29 - -3?
131a31
In base 12, what is -65 + -164708?
-164771
In base 15, what is -21ca + ca3?
-1427
In base 10, what is -67 - -1672647?
1672580
In base 13, what is 4297 - -76a?
4a34
In base 4, what is 310312 + -102202031?
-101231113
In base 16, what is -2 - -3609255?
3609253
In base 5, what is -2003 - 24410343?
-24412401
In base 10, what is -87 - -5432063?
5431976
In base 9, what is -4 - -20710452?
20710447
In base 5, what is -4 + -1040441342?
-1040441401
In base 13, what is -20a50 - 2768?
-234b8
In base 8, what is -105360024 + -5?
-105360031
In base 12, what is 177 + 6bb8?
7173
In base 10, what is -1105006587 + 2?
-1105006585
In base 8, what is 1722 - 35622?
-33700
In base 7, what is 141464426 - 0?
141464426
In base 5, what is 4000401 + -2204?
3443142
In base 9, what is 547 + 40322?
40870
In base 11, what is -11491770 - 5?
-11491775
In base 16, what is 4d4f02 - -b5?
4d4fb7
In base 11, what is 36 - 43594?
-43559
In base 16, what is -58fac + -c?
-58fb8
In base 11, what is 156 - 7833a?
-78194
In base 10, what is 76 + -306835?
-306759
In base 2, what is -1010000000011100011 - -100?
-1010000000011011111
In base 11, what is 1 - 4841742?
-4841741
In base 6, what is 1541 + 14502322?
14504303
In base 8, what is 3 + -46640542?
-46640537
In base 9, what is -7 - 4254721?
-4254728
In base 9, what is -1 - -4525223?
4525222
In base 12, what is -71320 + 543?
-70999
In base 11, what is -79238 - -100?
-79138
In base 16, what is -2b22 + af2?
-2030
In base 5, what is 4 - -310432140?
310432144
In base 9, what is 37303 + -107?
37185
In base 10, what is -751 - 6079?
-6830
In base 6, what is 3 + 30043202?
30043205
In base 3, what is 202100122 + -1210000?
200120122
In base 8, what is 7 + 223777?
224006
In base 11, what is 29a - 6210a5?
-620906
In base 7, what is -10034 + 1121?
-5613
In base 3, what is 11200000012121 + -10?
11200000012111
In base 6, what is -5051 + -13515?
-23010
In base 5, what is -211 - -40431221?
40431010
In base 4, what is 131020 - 110221311?
-110030231
In base 11, what is 44 + -586100?
-586067
In base 4, what is -10 + 132230312101?
132230312031
In base 8, what is -136 + -1636646?
-1637004
In base 15, what is -3 + -4ed0b27?
-4ed0b2a
In base 13, what is -52c339c - 1?
-52c33a0
In base 7, what is -10054552 - -43?
-10054506
In base 12, what is 0 + -97182?
-97182
In base 2, what is -1100100 + -110001110100010010?
-110001110101110110
In base 4, what is 1230003320133 + 1?
1230003320200
In base 3, what is -221122 - 2022001011?
-2022222210
In base 6, what is 4050 + 21205?
25255
In base 8, what is 1503325 - 450?
1502655
In base 10, what is -2 - -4137866?
4137864
In base 5, what is -2430121221 + -233?
-2430122004
In base 10, what is 19640 + -9795?
9845
In base 3, what is -100120 + -1121002020?
-1121102210
In base 7, what is 0 + -102045?
-102045
In base 15, what is -20e + 3d7c?
3b6d
In base 4, what is 1033223 + -2000220?
-300331
In base 9, what is -12 + -1312586?
-1312608
In base 7, what is 0 + 305140402?
305140402
In base 14, what is 3dc6 - 16ac?
2718
In base 11, what is 15318477 - 5?
15318472
In base 10, what is 74 + -10961?
-10887
In base 8, what is -1 - -27427210?
27427207
In base 7, what is 1 + 266154632?
266154633
In base 3, what is 1212100222222211 + 11?
1212100222222222
In base 10, what is 9410516 - -9?
9410525
In base 4, what is -32220000 - -3010022?
-23203312
In base 2, what is -1 - 1010000100011001100001?
-1010000100011001100010
In base 13, what is 3 + 34a09a?
34a0a0
In base 14, what is 385 - 15396?
-15011
In base 10, what is -188 - -57998?
57810
In base 2, what is 1010 + -11110000011111000111?
-11110000011110111101
In base 5, what is 3 + -24400331444?
-24400331441
In base 11, what is 19 + 6a39a?
6a408
In base 14, what is 58 - -8836dc?
883756
In base 11, what is -88 + -839a6?
-83a83
In base 6, what is 3421214 + -143?
3421031
In base 9, what is -55 + 3838041?
3837875
In base 15, what is -11da66ad - -1?
-11da66ac
In base 7, what is -320 - -404516?
404166
In base 10, what is -8116 + -8741?
-16857
In base 6, what is -4523 + 104510?
55543
In base 5, what is -304411430 + -2?
-304411432
In base 2, what is -10000100101 - 11101110111100000?
-11110001000000101
In base 15, what is -1040ce3 + 5?
-1040cdd
In base 3, what is -202211 - 1020212111?
-1021122022
In base 12, what is -4372 - 10981?
-15133
In base 15, what is -1ca + 68cd?
6703
In base 8, what is 2534226 - -267?
2534515
In base 14, what is 8c - -485db3?
486061
In base 4, what is 11213213210 - -1030?
11213220300
In base 5, what is -1 - -1040103232400?
1040103232344
In base 10, what is 941520361 + -2?
941520359
In base 12, what is 10 - -3a37a0?
3a37b0
In base 14, what is -1a161d5 + -5?
-1a161da
In base 7, what is -24015 - -31315?
4300
In base 9, what is -16312120 - 7?
-16312127
In base 15, what is 3c4e27 + -1e?
3c4e08
In base 10, what is 6262817 - 38?
6262779
In base 2, what is -11001100100 - -110011111000001011?
110011011110100111
In base 6, what is -131144315 - -5?
-131144310
In base 11, what is 2 - 2713a4?
-2713a2
In base 4, what is -21030231 + 1330101?
-13100130
In base 15, what is 1025 + 287b6?
297db
In base 13, what is 5 - a32b94a?
-a32b945
In base 4, what is 3321 + 1000322021?
1000332002
In base 2, what is -100010001111111001 + 1001?
-100010001111110000
In base 7, what is 1 - 162621023?
-162621022
In base 15, what is 2 - 1142c26b?
-1142c269
In base 5, what is 112201 - 221140?
-103434
In base 16, what is 2d64b + -af5?
2cb56
In base 11, what is -451 - a74?
-1415
In base 14, what is -6b + 15cc19?
15cb8c
In base 2, what is 111010110110001100110010011101 + -101?
111010110110001100110010011000
In base 16, what is -1 + -d23fd1?
-d23fd2
In base 3, what is 1 + 22122102000012?
22122102000020
In base 9, what is 1345 + 125880?
127335
In base 6, what is -2521 - -1350502?
1343541
In base 14, what is -8043 - -16a?
-7cb7
In base 11, what is a736 - 15799?
-6063
In base 6, what is 1542 - -3351051?
3353033
In base 15, what is -2b14 + -19b7?
-45cb
In base 16, what is -4c6 - -ce27?
c961
In base 2, what is 10 + 10000110100010000010011110?
10000110100010000010100000
In base 11, what is -3 - 2782425?
-2782428
In base 3, what is -100 - 1022021200110?
-1022021200210
In base 11, what is -204792885 - 2?
-204792887
In base 5, what is -20 + 2143244440?
2143244420
In base 3, what is -11 - 121011102202010?
-121011102202021
In base 2, what is 110010 - 1000011001110101010000?
-1000011001110100011110
In base 13, what is -59 + -8754b?
-875a7
In base 5, what is -401 - 1034140?
-1040041
In base 7, what is -42564134 + -34?
-42564201
In base 2, what is 10000000011 - -10011000100000000?
10011010100000011
In base 6, what is -11223114310 - 2?
-11223114312
In base 3, what is -10120222 - -111112202?
100221210
In base 5, what is -34 - -110400201?
110400112
In base 9, what is -217666168 - 4?
-217666173
In base 11, what is 346a8 + -958?
33850
In base 3, what is 11 - 12002222100200101?
-12002222100200020
In base 12, what is 3 - a48983?
-a48980
In base 10, what is 1194219 - 90?
1194129
In base 6, what is -1443450 + 112?
-1443334
In base 14, what is 13 - -d087c?
d0891
In base 14, what is 164 + -1a4d5?
-1a371
In base 14, what is 103 - -5d002?
5d105
In base 14, what is 2837 + -39b?
247a
In base 11, what is 4422942 - -10?
4422952
In base 8, what is 10333531 + 7?
10333540
In base 2, what is 1010111 - 1100111010010111010111?
-1100111010010110000000
In base 14, what is d4 - -264?
358
In base 12, what is -23b5679b + -1?
-23b567a0
In base 4, what is 1 + 22102021012?
22102021013
In base 15, what is -25 + 7ee9d5?
7ee9b0
In base 2, what is 100100 + -1000111101000011?
-1000111100011111
In base 15, what is -91c99 - 6b4?
-9245d
In base 5, what is -11414 + -11101414?
-11113333
In base 12, what is 5 + 2511a59?
2511a62
In base 13, what is -31b + 10c70?
10952
In base 4, what is -123231 + 3110133?
2320302
In base 11, what is 205367994 + -3?
205367991
In 